*v. Let a = i - v. What are the prime factors of a?
17
Let f(m) = -76*m. List the prime factors of f(-3).
2, 3, 19
Let m be -2 + 1 + 0 + 3. Let j be (-1 + 9)*m/4. Suppose a + j*a = 15. What are the prime factors of a?
3
Let z(q) be the third derivative of -q**5/60 - 19*q**4/24 - 5*q**3/3 - 10*q**2. What are the prime factors of z(-14)?
2, 3, 5
Let g(b) = 9*b + 12. Let o(a) = 17*a + 25. Let c(t) = 7*g(t) - 4*o(t). List the prime factors of c(-11).
3, 13
Let k = 123 - 170. Let p = k + 158. What are the prime factors of p?
3, 37
Let f = 150 + -54. Suppose 0 = -g - 4*d + f, g - 87 = -5*d + 11. What are the prime factors of g?
2, 11
Suppose 2*j - 5 = 3. Suppose 4*y + 2*z + 4 = -8, -2*z + j = 0. What are the prime factors of (76/(-6))/(y/6)?
19
Let k(p) = 583*p - 241. What are the prime factors of k(3)?
2, 13, 29
Suppose -3*c = 3*n - 6, -n - 5 - 1 = -3*c. Suppose o + j - 6*j - 97 = n, 0 = -5*o + 2*j + 370. What are the prime factors of o?
2, 3
List the prime factors of (6 + 490/4)*10.
5, 257
Let j(b) = -7*b. Let v be j(-4). Let t be (-1)/(-4) + 105/v. List the prime factors of 42/t + (-7)/14.
2, 5
Let x = -151 - -272. Let j = -83 + x. List the prime factors of j.
2, 19
List the prime factors of (-2)/(-5) + (7 - (-21558)/30).
2, 3, 11
List the prime factors of (-7418)/(-6) - 14*4/168.
2, 3, 103
Suppose 34*g - 1527 = 31*g. Let c = g + -329. What are the prime factors of c?
2, 3, 5
Let j(h) = h**2 + 2*h - 5. Let p be j(-4). Let c(u) = 7*u**2 - u + 5. List the prime factors of c(p).
5, 13
Let j be -38*4/(-40) - (-8)/(-10). Suppose -2 = w + 3, -104 = -b + j*w. What are the prime factors of b?
89
Let v(x) = -x. Let i(z) = 20*z - 11. Let o(g) = i(g) + 6*v(g). Let n be o(4). Suppose -5*b + m + 184 = 0, 5*b + 3*m = 123 + n. What are the prime factors of b?
2, 3
Suppose 27*v = 34*v - 2142. List the prime factors of v.
2, 3, 17
Let h(s) = -s**2 - 6*s - 3. Let x be h(7). List the prime factors of x/(-3) - 10/30.
31
What are the prime factors of 6/(-21) - 474063/(-203)?
5, 467
Let d be ((-10)/6)/(2/(-138)). Suppose -31 = 4*v - d. Suppose 0*x + v = 3*x. What are the prime factors of x?
7
Suppose 7*r + 286 - 1441 = 0. List the prime factors of r.
3, 5, 11
Suppose 27*x = -10*x + 196248. What are the prime factors of x?
2, 3, 13, 17
Let i(x) = -x**3 - 4*x**2 + 5*x + 4. Let y be i(-5). Suppose -y*m + 105 = -7*m. Let c = -10 - m. What are the prime factors of c?
5
List the prime factors of (-5408)/(-260)*(-310)/(-4).
2, 13, 31
Let i(g) = 59*g - 11. Let z = 16 - 11. Let c be i(z). List the prime factors of ((-4)/8)/((-2)/c).
71
Let q = 153 + -42. Let n = 55 - -24. Let l = q - n. List the prime factors of l.
2
Let x be (-2)/(-8) + (-7)/(-4). Suppose -94 = 5*q + 3*w, -x*w - 108 = 5*q - 6*w. What are the prime factors of (q/(-6))/((-6)/(-18))?
2, 5
Let j = 144 - -2378. What are the prime factors of j?
2, 13, 97
Suppose -15 = -6*a - 3. Suppose -4*j + 2*f - 24 = 0, -3*j + 0*f + a*f = 19. What are the prime factors of (j*(1 + 0))/(-1)?
5
Let m be (279/(-124))/((-3)/(-464)). Let f = m + 627. What are the prime factors of f?
3, 31
Let f = 700 + -131. What are the prime factors of f?
569
Suppose -5*t + 10*t - 8035 = -3*h, 0 = -5*t + 3*h + 8035. List the prime factors of t.
1607
Let c(m) = 8*m**2 - 2*m + 6. Let b be c(3). Suppose -3*n = b - 261. List the prime factors of n.
3, 7
Suppose 3*c - 2150 = 4*x + 161, -4*c - 4*x = -3100. What are the prime factors of c?
773
Suppose -4*c - 3*c = 273. List the prime factors of (-10)/5*c/2.
3, 13
Let i be 0*(-2 - (-3 - -2)). Suppose i = -v - 4*v + 225. Let g = 75 - v. What are the prime factors of g?
2, 3, 5
Let w(f) = 7*f**2 - 77*f - 132. What are the prime factors of w(14)?
2, 3
Let s(h) = -4*h**2 + 2*h - 6. Let z = -12 + 9. Let j be s(z). What are the prime factors of j/(-3) + 5 + -1?
2, 5
List the prime factors of (-9)/(-30) - 34274/(-20).
2, 857
Suppose 91*s - 510 = 86*s. What are the prime factors of s?
2, 3, 17
Let z(g) = g**2 - 8*g + 7. Let d be z(7). Suppose -j = 2*b - 13 - 7, -5*j - 10 = -b. Suppose d = -x + b - 2. What are the prime factors of x?
2
Let d = 117 + -386. Let c = d + 412. What are the prime factors of c?
11, 13
Let s(d) = -d**2 + 5. Let l be s(0). Suppose 2*o + 71 = l*u - 0*o, -u - 5*o + 25 = 0. What are the prime factors of u?
3, 5
Let n = 844 - 412. What are the prime factors of n?
2, 3
Let k be ((-10)/(-4))/((-26)/(-156)). Suppose -5*n + 0*n = 45. List the prime factors of (k/n)/(4/(-84)).
5, 7
Let y(v) = -9 - 7 + 0*v**2 + 5 + 4*v + 2*v**2. What are the prime factors of y(-8)?
5, 17
Let y = 2231 + 1502. What are the prime factors of y?
3733
Let b = 853 - 277. Suppose 5*m - v = -330, 5*m + 45 = -3*v - 265. List the prime factors of 10/m + b/26.
2, 11
What are the prime factors of (-21010)/(-35) + 2/(-7)?
2, 3, 5
Suppose 0 = 2*j - 3*f - 634, 3*j - j - 630 = 4*f. List the prime factors of j.
17, 19
Let l(r) = -235*r**2 - 2*r - 1. Let q be l(-1). Let j = -134 - q. What are the prime factors of j?
2, 5
Let j be ((-560)/12 + -2)*18/(-4). Suppose -2*l + j = 2*w + w, -2*l + 231 = -w. What are the prime factors of l?
2, 3, 19
Let n = -14 - -16. Suppose p = n*p - 24. Suppose -69 = -m - 5*t, -70 = -2*m + t + p. List the prime factors of m.
7
Let n(z) be the second derivative of z**4/12 - 4*z**3/3 - 11*z**2/2 - z. Suppose -4*y - 4*r + 25 = -r, 3*y - 50 = 4*r. List the prime factors of n(y).
3
Suppose -5*n + 2145 = 2*h - h, h - 2*n - 2117 = 0. What are the prime factors of h?
5, 17
Let l(t) = -2*t**2 + 0 + 7*t + 1396*t**3 - 7 - 1390*t**3. What are the prime factors of l(3)?
2, 79
List the prime factors of (13 - 14)/(-1 - 392/(-393)).
3, 131
Let w(j) = 56*j**2 + 17*j + 2. List the prime factors of w(-2).
2, 3
Suppose 3*v - 5466 = -0*v - 2*g, g = 2*v - 3651. List the prime factors of v.
2, 3, 19
Let z = 20 + -15. Let r = -10 - -15. Suppose -w = r*h - 16 - 13, z*w + 2*h - 168 = 0. What are the prime factors of w?
2, 17
Suppose 0*s + 5*s = -10, -2*v + 3*s = -3474. What are the prime factors of v?
2, 3, 17
Let g(v) = v**2 + v + 20. Let x be g(0). Suppose -2*q = -6*q + x. List the prime factors of (q - -1)*(0 - -7).
2, 3, 7
Let v = -29 + 32. Suppose r - 19 = -4*c + 62, 5*c = 5*r + 120. Suppose c + v = 4*s. List the prime factors of s.
2, 3
Suppose -884 = -b + 4*y, -5*b - 2*y + 4372 = 2*y. What are the prime factors of b?
2, 3, 73
Let p(n) = n**2 + 7*n + 4. Suppose 25*z - 55 = 30*z. What are the prime factors of p(z)?
2, 3
Suppose 0 = -6*p + p + 5*v - 15, 13 = -4*p + 5*v. Let j(a) = 37*a**2 + 2 - 1 - 33*a**2. List the prime factors of j(p).
17
Let c = 24 + -10. Suppose -11*w - 600 = -c*w. Suppose -8*a + w = -4*a. What are the prime factors of a?
2, 5
Let a(q) = -8*q - 8. Let u(l) = l**2 + 8*l + 9. Let d(o) = 4*a(o) + 3*u(o). List the prime factors of d(-5).
2, 5, 11
Let o(w) = 15*w**3 - 16*w**3 - 1 + 0*w**2 - 6*w**2. List the prime factors of o(-7).
2, 3
Let h be 3/(-9) + 59/(-3). List the prime factors of (-4)/h + (-588)/(-10).
59
Let b(w) = -w**2 - 7*w + 2. Let s(f) = -2*f**2 - 14*f + 3. Let o(l) = -9*b(l) + 4*s(l). Let t be o(-8). Suppose 4 - 58 = -t*q. What are the prime factors of q?
3
Suppose 0*i + i - 165 = -3*a, -2*i - a = -340. Let n = i - 79. List the prime factors of n.
2, 23
Let y(i) = i + 8. Let s be y(-6). Suppose -12 = -u - 2*p, 12 = s*u + 3*p - 10. Suppose 2*o + u = 4*o. List the prime factors of o.
2
Let g = 108 - 12. Suppose -g = -x + 74. What are the prime factors of x?
2, 5, 17
Suppose 3*y - 4*z + 25 = 0, -2*z - 7 = y - 3*z. Let w = 6 + y. Suppose 4*i = -w*l + 8*l + 262, -5*i + 305 = 5*l. List the prime factors of i.
3, 7
Suppose 6*l - 1494 - 1290 = 0. List the prime factors of l.
2, 29
Let l(o) = -6*o**3 + 4*o**2 + 10*o - 2. What are the prime factors of l(-4)?
2, 7, 29
Suppose -202 + 1047 = 5*w. Suppose -o - 21 = -w. List the prime factors of o.
2, 37
Suppose -2*a = 5*d + 173 - 12442, 2*d - 4919 = 3*a. List the prime factors of d.
5, 491
Suppose -3*g = 2*y - 8*g - 942, 0 = -g. What are the prime factors of y?
3, 157
Suppose -1 = o + 2. Let v = o + 15. What are the prime factors of v/28 - 288/(-14)?
3, 7
Let q = 405 + -51. What are the prime factors of q?
2, 3, 59
Suppose 4*m - 34 - 34 = -3*f, -4*f - 4*m = -88. Suppose n - 65 = 6*n + 2*z, 4*n - 4*z + 80 = 0. Let j = n + f. What are the prime factors of j?
5